inder when a is divided by y?
0
Let t(i) = 3*i + 24. Let n be t(-8). Let u(l) = -l**2 - 10*l - 19. Let s be u(-6). Suppose s*v - 2 - 23 = n. Calculate the remainder when 6 is divided by v.
1
Suppose -4*s = 3*i + 2*i - 37, -3*s - 5*i = -29. Let f = -4080 + 4127. Calculate the remainder when f is divided by s.
7
Suppose 2*o - 7*o + 45 = 0. Suppose -7*t - o = -72. Suppose 0 = -t*x - 40 + 184. What is the remainder when 59 is divided by x?
11
Suppose 0 = 4*c - 3*d - 60, -2*c + 4*d + 75 = 3*c. What is the remainder when c is divided by 4/(-10)*(-2625)/150?
1
Let a(z) = 7*z**2 + 5*z - 2. Let c be a(-3). What is the remainder when 174 is divided by (-3 + -3)/(-12)*c?
13
Let a(s) = 16*s - 106. Let d(o) be the third derivative of 3*o**4/4 - o**3/6 + 3*o**2. Calculate the remainder when d(3) is divided by a(7).
5
What is the remainder when (-6)/((-33)/4 - (-208)/26) is divided by 23?
1
Suppose 2*c - 4*t = 138, 43*c - 44*c - t + 75 = 0. What is the remainder when c is divided by 16?
9
Let d be 2/(3 - (-700)/(-235)). Let h = 100 - d. Suppose -7*j + 5*b + 30 = -3*j, h = 3*b. What is the remainder when j is divided by 6?
4
Let g = -496 - -499. Suppose 88 = c + 4*i + 68, g*c - 76 = -4*i. Suppose 0*b - 32 = -2*b. Calculate the remainder when c is divided by b.
12
Suppose 2 + 2 = 2*x. Suppose h - 3*r = -6*r + 15, 26 = 2*h + 2*r. Suppose 0 = -3*b + 5*b - h. Calculate the remainder when b is divided by x.
0
Let l(n) = -3*n**3 - 11*n**2 + 41*n + 26. Let c(h) = 217*h**2. Calculate the remainder when c(1) is divided by l(-6).
25
Let d(p) = -2*p**3 - 13*p**2 + 4*p + 12. Calculate the remainder when d(-9) is divided by (-3009)/(-39) - 18/117.
73
Let o be (21/14)/(6/8). Suppose -o*n + 0*n = -134. Let s = -2939 - -2957. What is the remainder when n is divided by s?
13
Suppose m - 3*k = 844, 4*m - 4*k - 373 = 3043. What is the remainder when m is divided by 248?
115
Calculate the remainder when 18 is divided by (-11)/176 - 33/(-16).
0
Let r(m) = -20 - 28 + m**2 + 69 + 4*m - 28. Let i be r(-6). Let u(o) = -o**2 + 14*o - 16. Calculate the remainder when 86 is divided by u(i).
28
Let t be 12/30 - 794/10 - 3. Suppose 1 = m + 57. Let a = m - t. Calculate the remainder when 154 is divided by a.
24
Let v = 2685 - 2649. Calculate the remainder when ((-8)/10)/((-2)/265) is divided by v.
34
Let g be (-144)/(-40)*380/(-6). Let u = 278 + g. What is the remainder when u is divided by 5?
0
Suppose -3*w + 27 + 87 = 0. Suppose -10*o + 19 = -5*o - 3*y, -o + 11 = 3*y. Suppose -26 - 24 = -o*g. What is the remainder when w is divided by g?
8
Let z(o) = 5*o**2 + 57*o - 4. Let n be z(-8). What is the remainder when 54 is divided by (-147)/(-4) + 105/n?
18
Let b = 309 - 317. Let a be 138/(-8) + 4/16. Calculate the remainder when (-20)/b + (-3)/(-6) - a is divided by 2.
0
Let h be (-3243)/12 + ((-21)/(-12))/7. Let k = h - -297. Calculate the remainder when 161 is divided by k.
26
Let i(b) = -b**3 + 9*b**2 + 20*b - 45. Suppose 5*h - 5*g = 35, 33 = 3*h + 3*g - 6. Calculate the remainder when 90 is divided by i(h).
35
Let q(c) = 6*c + 34. Let l be q(-5). Suppose s + 7*k - 103 = 9*k, l*s + 3*k = 379. What is the remainder when s is divided by 54?
43
Suppose -4*l = -b + 3*b - 12, 4*b - 2*l - 54 = 0. Suppose 0 = -2232*o + 1121*o + 1120*o - 396. What is the remainder when o is divided by b?
8
Let u = -49 + 54. Suppose -3*w = -2*w - i - 4, 3*w = -u*i + 4. Suppose -z = 4*z - 4*j - 41, -j + 28 = w*z. Calculate the remainder when 22 is divided by z.
4
Calculate the remainder when (-2)/27 + 34576/216 is divided by -2*382/(-28) - 24/84.
25
Suppose 358*p = -1056 + 5352. Let h = -91 - -159. Calculate the remainder when h is divided by p.
8
Suppose 1 - 29 = -4*b. Suppose 145*x = 286*x - 194*x + 954. What is the remainder when x is divided by b?
4
Let q = -15299 + 15312. Calculate the remainder when 230/4*(5 - 3) is divided by q.
11
Suppose -3*r + 4*r - 3*t = 5, 3*r - 5*t - 7 = 0. Let m = 3 - r. Calculate the remainder when m is divided by 22/12*2 + ((-1480)/60)/37.
1
Let g be ((-3)/7)/(14/(-98)). Suppose t - 4*p = -6*p + 22, -37 = -t + g*p. What is the remainder when 222 is divided by t?
26
Let v(g) = -646*g**3 + g**2 + 6*g + 4. Let r be v(-1). Suppose 317 = 13*l - r. What is the remainder when l is divided by 27?
20
Suppose -3*w - j = -13, -2*j - 6 = w - 3*w. Suppose 0 = 3*z - w*z + 8. Let v = -698 - -703. Calculate the remainder when z is divided by v.
3
Suppose 149 = -2*t + 193. What is the remainder when 43 is divided by t?
21
Let h(v) = v**3 + 9*v**2 + 7*v - 29. Let a be h(-8). What is the remainder when 202 is divided by (-6)/63*6 - 1167/a?
37
What is the remainder when 236 is divided by ((-888)/10)/(19/570*-12)?
14
Suppose -2*m - 1325 = -3*x, 5*x = 2*m + 934 + 1269. Calculate the remainder when x is divided by 8.
7
Suppose 0 = -38*l + 2708 - 694. Calculate the remainder when l is divided by 10.
3
Let a(t) = -4*t - 11. Let r be a(-5). Suppose -17 = -2*n - 5*i, r*i - 5*i = -4*n + 16. Suppose 0*o + 3*o = 9. What is the remainder when o is divided by n?
0
Let x(u) = -3*u - 3. Let d = -180 - -172. What is the remainder when 78 is divided by x(d)?
15
What is the remainder when 834 is divided by ((-2758)/985)/(2/(-60))?
78
Let c(q) = -q**2 - 17*q - 45. Let u be c(-14). Let m(i) = -i**2 - 9*i + 1. Let t = 99 - 26. What is the remainder when t is divided by m(u)?
16
Suppose 2*u = -5 + 33. Suppose 1460*y = n + 1461*y - 10, 4*n - 36 = -3*y. What is the remainder when u is divided by n?
2
Let w = -86 + 92. Suppose -w*d = -481 - 47. Suppose -7 = -h + 23. Calculate the remainder when d is divided by h.
28
Let q(m) = 11*m**2 - 5*m - 28. Let v be q(5). Let p = v - 198. Calculate the remainder when 37 is divided by p.
13
Let s(a) = -8*a**2 - 5*a + 9. Let o be s(2). Let v be 22/o + ((-632)/6)/(-2). Let i = v + -26. Calculate the remainder when i is divided by 16.
10
Suppose 6512 = 100*u - 89*u. What is the remainder when u is divided by 99?
97
Let x = -5924 - -6269. Calculate the remainder when 386 is divided by x.
41
Suppose -3*k = 21 + 18. Let j(r) = r**3 - 10*r**2 + 8*r - 39. Calculate the remainder when j(10) is divided by -4 - -2 - k*1.
8
Let v = -403 - -441. What is the remainder when 987 is divided by v?
37
Let c be ((-8)/(-6))/((-4)/90). Calculate the remainder when (-20)/12*27/c*1022 is divided by 59.
58
Let z(k) = k**3 + 2*k**2 + 5*k + 3. Let b be z(-2). What is the remainder when 49 is divided by (8/(-1))/(9 + b) - -13?
4
Let s be -3 + (-15)/10*110 + -3. Let n = 196 + s. What is the remainder when 84 is divided by n?
9
Suppose 48*x - 402837 = x. Suppose 26*d = x - 2513. Calculate the remainder when d is divided by 45.
8
Suppose -2*v - b + 128 = -3*b, 2*v + 4*b - 116 = 0. Let n(j) = 98*j + 1811. Let u be n(-18). Let p = v - u. What is the remainder when 148 is divided by p?
13
Suppose 3*m + 1 = -d + 14, d = 5*m - 19. Let y = 97 + -54. Calculate the remainder when y is divided by 26 + 3*(d - 2).
20
Suppose -3*b = -3*g - 399, 2*g + 530 = -2*g + 2*b. Let y = 146 + g. Calculate the remainder when y is divided by 11.
3
Suppose -o = -m - 192, -27*o + m = -31*o + 743. Suppose 6*l - 131 = o. What is the remainder when l is divided by 41?
12
Suppose 1129 = 4*n + 5*b, -n = -5*b + 277 - 528. What is the remainder when n is divided by 73?
57
Let u = 4930 + -4917. What is the remainder when 1 + (-2 + 0 - -175) - -3 is divided by u?
8
Let s be 2/4 - 7627/(-58). Suppose 0 = 4*p + 2*q - s, -p - 4 = 3*q - 37. What is the remainder when p is divided by 9?
6
Suppose -644 = -2*n - 142. Suppose 5*h + q = 4*q + n, -h = -4*q - 40. Let u = -33 - -51. What is the remainder when h is divided by u?
16
Suppose j + 96 - 219 = 3*r, -3*j - r = -419. Calculate the remainder when j is divided by 36.
30
Let m(j) = 4*j + 4. Let x be m(3). Let o = 110 - 64. Suppose -x = 3*g - o. Calculate the remainder when 47 is divided by g.
7
Let b = 43735 - 43678. Let o(n) be the second derivative of -2*n**3/3 + n**2/2 + n. What is the remainder when b is divided by o(-5)?
15
Calculate the remainder when ((-6)/9)/(40/(-10080)) is divided by 48.
24
What is the remainder when (1/3 + 1346/12)/((-310)/(-1860)) is divided by 36?
27
Let o(v) = v**3 - 5*v**2 - 8*v + 6. Let c be o(6). What is the remainder when (-94)/c - (-4)/(-6) is divided by (-385)/(-308) + 